) = 3*n**3 - n + n**2 + 6 - 3 - 2*n**3 - n. Calculate o(-3).
-9
Let p(a) be the second derivative of -a**5/10 - a**4/12 - a**3/3 - a**2 - a. Let m be p(-1). Let r(s) = -5*s + 1. Give r(m).
-4
Let p(n) = -4*n + 5. Let w(o) = -2*o + 3. Let u(y) = 3*p(y) - 5*w(y). Suppose -3 = -3*g + 3. Calculate u(g).
-4
Let a(p) = -p**3 + p. Let v be a(-1). Suppose 0 = 3*b - 6, 0 = -z - 4*b + 16 - v. Let y = z + -4. Let n(r) = r**3 - 3*r**2 - 5*r - 3. Determine n(y).
-7
Let d(g) = -5*g. Let n = -99 + 98. Give d(n).
5
Let g(r) = 5*r**3 + r**2 - 1. Let z be 16/24 + 10/(-6). Determine g(z).
-5
Let m be 0 + (3 - 6 - -1). Let g(y) = 2*y**2 - 3*y**2 + 1 + 0 + y. Calculate g(m).
-5
Let q = 8 + -4. Let j(r) be the second derivative of 0*r**2 - 2/3*r**3 + 0 - 2*r - 1/12*r**q + 1/20*r**5. Calculate j(3).
6
Suppose -12 = 2*m + 2. Let k(n) = 29 + 2*n - 16 - 6. Calculate k(m).
-7
Let c(i) = 6 - 4*i**2 + 12*i**2 - 4 + 2 + 5*i. Let d(n) = -7*n**2 - 4*n - 3. Let v(y) = -4*c(y) - 5*d(y). Give v(-2).
11
Let m(q) = 13*q + 1. Let n(i) = 12*i + 1. Suppose -9 = -2*a - a. Let b(u) = a*m(u) - 4*n(u). What is b(1)?
-10
Let k(v) be the second derivative of v**2 + 0 - v + 0*v**3 - 1/12*v**4. Give k(2).
-2
Let m(j) = j + 10. Suppose -3*p - 16 = 5. Determine m(p).
3
Let a(o) = -o + 8. Let v(w) = w - 17. Let h(r) = -5*a(r) - 3*v(r). Determine h(-8).
-5
Let c(m) = 4*m - 7. Let g(j) = j - 1. Let d(a) = c(a) - 5*g(a). Determine d(-4).
2
Let z(w) = -w**3 + w**2 + 1. Suppose -i = -4*t + 15 - 3, 3 = t. Determine z(i).
1
Let f(n) = n**3 - 5*n**2 + n - 3. Let a be f(5). Let p(m) = 2 + 14*m + 15*m - 30*m. What is p(a)?
0
Let d = -73 + 60. Let l(m) = -m**2 - 13*m + 2. What is l(d)?
2
Suppose 1 = -q + 5*p, p + 1 + 1 = -2*q. Let u(a) = a. Let l be (-9)/(-15) + (-4)/(-10). Let x(s) = 2*s - 1. Let d(r) = l*u(r) + q*x(r). Calculate d(-3).
4
Let m(b) = -68*b + 0 + 1 + 66*b + 2*b**2. What is m(-2)?
13
Let s be (-15)/(-4) - (-3)/(-4). Suppose -d = -w - 3*w + 3, s*w + 3*d = 21. Let n(f) = w*f - f - f**2 - 6*f - 5. Determine n(-5).
-5
Let a = 17 - 19. Let m(b) = 2*b - 1. Determine m(a).
-5
Let u(z) = -z**2 - 6*z - 4. Let t be u(-5). Let k(l) be the third derivative of l**6/40 - l**5/60 + l**2. What is k(t)?
2
Let i(a) = -4*a + a**3 - 1 + 3*a**2 - 1 - 2. Let o be (-16)/6*15/10. Give i(o).
-4
Let z(r) = -r - 5*r**2 - 73*r**3 + 2 + r + 72*r**3. What is z(-5)?
2
Let k(p) be the first derivative of p**4/2 - p**2 + p + 22. Calculate k(2).
13
Let k = -86 - -61. Let v = k - -20. Let z(p) = p**2 + 5*p + 1. What is z(v)?
1
Let f(h) = h**2 - 8*h. Suppose 12 = w - 4*j, -5*j + 4*j + 23 = 3*w. Calculate f(w).
0
Suppose 7*r = 6*r + 2. Suppose -2*g = -l - 4*l + 2, r*l + 2*g - 12 = 0. Let q(p) be the third derivative of -p**5/60 + p**4/24 - p**3/3 + p**2. Determine q(l).
-4
Let w(v) = 3*v**2 + 1. Let b be (2/4)/(7/84). Let d = b + -7. Determine w(d).
4
Let l(d) = d - 9. Let j(v) = -v**3 - v**2 - v + 1. Let h be j(-2). What is l(h)?
-2
Let a(c) = c**2 + c + 3. Let t(w) = -2*w**2 - 3*w - 5. Let o(j) = 13*a(j) + 6*t(j). Let b(d) = d + 1. Let s(h) = 2*b(h) - o(h). Calculate s(6).
-1
Let d(l) = -10*l**3 + l**2 - l - 1. Suppose 0 = -2*o - 1 + 5, 2*o = -3*s + 1. Calculate d(s).
11
Let j(f) = 5*f - 3. Let s(l) = -2*l + 2. Let x(w) = -3*j(w) - 5*s(w). Calculate x(-3).
14
Let y(c) = c**2 - 8*c + 3. Let s be y(7). Let a = -1 - s. Let v be 4/(-12) - 5/a. Let w(r) = r**2 + r - 1. What is w(v)?
1
Let f(l) be the first derivative of l**2/2 + 3*l - 5. Let c(m) = -6*m + 2. Let q be c(1). Determine f(q).
-1
Let n(v) be the first derivative of -v**5/20 - v**4/3 + v**3 - 2*v**2 - 3*v - 3. Let d(t) be the first derivative of n(t). Determine d(-5).
-9
Suppose -3*b + 7*b = 16. Let f(t) = -t + 2. What is f(b)?
-2
Let v(h) = 3*h**2 - 3*h - 3. Let a(j) = j**2 - j - 1. Let s(d) = 2*a(d) - v(d). Suppose 5*k - y = -0*k + 1, 4*k - 12 = -2*y. Let g = 1 + k. Determine s(g).
-1
Let v = -174 + 176. Let d(q) be the first derivative of -7/2*q**v + 1 + 3*q. Determine d(2).
-11
Let m be 70/30 - 4/3. Let l(c) = -c**3 - 1. What is l(m)?
-2
Let y(m) be the first derivative of -m**2/2 + 2*m + 7. Give y(2).
0
Let c = -26 + 29. Let o(s) = -2*s + 1. Determine o(c).
-5
Let p = -30 - -26. Let t(j) = j + 0*j + 2*j + 3. What is t(p)?
-9
Let r(k) be the second derivative of 5*k**3/6 - k**2/2 - 7*k. What is r(-2)?
-11
Suppose 0 = -5*h - 2*o + 17, -2*h = -o - 2*o - 3. Let k(t) = -10*t + 0*t**2 + 5*t**2 + 6*t + 6 + t**h. Suppose 0 = 2*j - j + 6. What is k(j)?
-6
Let t(l) = -l**3 - 2*l + 2 - 2*l**3 + l**2 - 1 + 2*l**3. What is t(2)?
-7
Suppose u - 9 = 3*p, u = -4*p + p - 3. Let z(s) = s**3 + 3*s**2 - s**2 + 0*s**3 + 1. What is z(p)?
1
Suppose -5 = -4*d + 3. Let y(w) = 1 + d*w**2 - w + 0 + 3*w - 7*w**3 + 0*w. What is y(-1)?
8
Let t(w) = 2*w**2 + w - 1. Let b(g) = -g**2 + 6*g + 7. Let l be b(7). Suppose 0 = -k + 2*k - 2*p + 4, 3*k + p - 9 = l. Determine t(k).
9
Let h(c) = -c**3 - 5*c**2 + 6*c + 4. Suppose -3*b + 2*b = 6. Let n be h(b). Let r(y) = -5*y + n*y - 3 + 3*y. Calculate r(-3).
-9
Suppose -o + 5*m - 17 = 0, 0 = o + 3*m - 6 - 1. Let v be 10 - (3 - (o - -3)). Let t(d) = -v*d**2 - 2*d - 5*d + 6*d. What is t(-1)?
-7
Let b(d) = -d**2 - 2*d + 2. Let a be b(-2). Let u be 2/8*6*a. Let s(g) = 4*g - 4. Determine s(u).
8
Let b(i) = -20*i - 26*i - 2 + 40*i + 1. Determine b(-1).
5
Let r(l) = 4*l + 2. Suppose -2*y - 9 = y. Give r(y).
-10
Let l = 1 + 3. Let q(h) = 3 - l + 0*h**2 + h**2 + 3*h. Let m(n) = -n**2 + 5*n + 3. Let c be m(6). What is q(c)?
-1
Let x(a) be the first derivative of -a**4/4 - 8*a + 1. Let v(t) = -t**2 - 5*t - 2. Let z be v(-4). Suppose z*j + 3*u - 6 = 4*j, -8 = -4*j - 4*u. Calculate x(j).
-8
Let n(s) = s**2 + 4*s - 7. Let f = 1 - -4. Let d = 9 - f. Let y = d + -10. Determine n(y).
5
Let m(f) = 3*f - f + 13 - 15 - 3*f. Calculate m(-5).
3
Let m = -73 - -66. Let p(o) = -o**3 - 8*o**2 - 6*o + 7. Determine p(m).
0
Let v(b) = -b + 8. Suppose 0 = -6*x + x + 5*p + 50, -3*x - p = -14. Let u be v(x). Let z(r) = 4 + 0*r**2 + r**2 + r**3 - 2 + 0 - u*r. Give z(-3).
-10
Let i(f) = 7*f**3 + 10*f**2 - 2*f + 3. Let o(n) = -10*n**3 - 15*n**2 + 3*n - 4. Let b(s) = 7*i(s) + 5*o(s). What is b(-5)?
-4
Let i(y) = 12*y. Let w(g) = g - 2. Let q be w(7). Suppose -5*a - 4 = -3*j, q*a + 3*j + j - 17 = 0. What is i(a)?
12
Let f(x) = x**3 + 5*x**2 + 5*x. Let n be f(-4). Let c = n - -6. Let k(z) = -1 - 7*z**3 - c*z - 2*z**2 - 3*z + 3*z. Give k(-1).
6
Let i(p) = 2*p - 7. Let k be i(6). Let m(u) = u + 1. Let j(c) = c**2 - 10*c + 2. Let q(h) = -j(h) - 3*m(h). What is q(k)?
5
Let n(z) = -z**3 + 9*z**2 - 9*z + 7. Let d be n(8). Let g(o) = o**2 + o - 1. Let m be g(2). Let i be (-3 + 2)/(d/m). Let y(q) = q**2 - 5*q + 5. What is y(i)?
5
Let k = -10 - -4. Let w(n) = -5*n + 6. Let x(c) = 14*c - 18. Let a(s) = 17*w(s) + 6*x(s). Calculate a(k).
0
Let w(j) = j**3 - 2*j**2 - 4*j. Suppose 6*p = p + 15. Determine w(p).
-3
Let z = 0 - 0. Let t be (-1 + 2)/(1 + z). Let r(o) = 6*o - 2. Let n(d) = 11*d - 3. Let y(a) = -3*n(a) + 5*r(a). Calculate y(t).
-4
Let z(n) = -2*n - 10*n**2 + 15 - 6 - 8 + n. Let d = 3 + -2. Calculate z(d).
-10
Let n(x) be the third derivative of 0 - x**2 + 1/20*x**5 + 0*x + 1/2*x**3 + 1/6*x**4. What is n(-2)?
7
Let m(j) be the third derivative of -5*j**2 - 1/12*j**5 - 1/120*j**6 + 0*j + 0 - 1/8*j**4 + 1/2*j**3. What is m(-4)?
-1
Let t(y) = 2*y + 1. Let u(z) = z + 3*z - 1 + 0 - 5*z. Let i(q) = 4*t(q) + 6*u(q). Determine i(4).
6
Let x(y) = -7*y**2 - 6*y + 1. Let j(s) = 4*s**2 + 3*s - 1. Let u(n) = 5*j(n) + 3*x(n). Let k = 48 - 50. Give u(k).
0
Let j(t) be the first derivative of -2*t**3 - 2*t**2 - 2*t - 1. What is j(-2)?
-18
Let v(y) = -2*y - 1. Suppose 0 = 8*x + 44 - 76. Calculate v(x).
-9
Let i = -7 - -9. Let b(f) = 4*f**2 + f**2 + 1 - f - i*f**2 - 2*f**2. Calculate b(4).
13
Let i(d) = 13*d + 1. Let t(u) = 2*u - 4 + 4 + u. Let c(z) = -2*i(z) + 9*t(z). Calculate c(1).
-1
Let x(c) be the first derivative of c**3/3 - c**2 + 2*c + 3. Let v = 0 - -2. Determine x(v).
2
Let q(v) = -4*v - 4. Let p(k) = -5*k - 5. Let t(u) = -5*p(u) + 6*q(u). Let d be t(0). Let n(i) = 8*i**3 - i**2 + 1. What is n(d)?
8
Suppose 8 = 2*p - 2*k, 14 + 2 = 3*p + k. Let a(j) = 4*j - 7. Calculate a(p).
13
Let g(x) be the second derivative of -x**6/120 - x**4/12 - x. Let q(z) be the third derivative of g(z). Suppose 0 = -5*s +